 digit of 20565506?
6
What is the millions digit of 1426489?
1
What is the units digit of 58374?
4
What is the thousands digit of 488561?
8
What is the ten thousands digit of 213027?
1
What is the thousands digit of 385288?
5
What is the tens digit of 1613821?
2
What is the thousands digit of 14165046?
5
What is the hundreds digit of 542821?
8
What is the tens digit of 5285263?
6
What is the thousands digit of 356181?
6
What is the units digit of 13761458?
8
What is the hundreds digit of 2377781?
7
What is the units digit of 3592724?
4
What is the ten thousands digit of 6944149?
4
What is the hundred thousands digit of 19304788?
3
What is the thousands digit of 6051715?
1
What is the tens digit of 230311?
1
What is the tens digit of 598324?
2
What is the tens digit of 312632?
3
What is the thousands digit of 3454696?
4
What is the ten thousands digit of 1703854?
0
What is the tens digit of 622243?
4
What is the ten thousands digit of 7677867?
7
What is the ten thousands digit of 1074450?
7
What is the hundreds digit of 758580?
5
What is the ten millions digit of 10137004?
1
What is the ten millions digit of 16819659?
1
What is the units digit of 16036044?
4
What is the tens digit of 156270?
7
What is the units digit of 363828?
8
What is the hundreds digit of 604125?
1
What is the thousands digit of 231043?
1
What is the units digit of 1161952?
2
What is the tens digit of 107513?
1
What is the ten thousands digit of 91705?
9
What is the hundred thousands digit of 1265485?
2
What is the millions digit of 4840141?
4
What is the thousands digit of 708534?
8
What is the thousands digit of 221962?
1
What is the tens digit of 20343767?
6
What is the thousands digit of 273727?
3
What is the hundreds digit of 9906803?
8
What is the hundreds digit of 89450?
4
What is the hundred thousands digit of 2387281?
3
What is the thousands digit of 3254964?
4
What is the millions digit of 12289871?
2
What is the ten thousands digit of 3561049?
6
What is the hundred thousands digit of 7929530?
9
What is the hundred thousands digit of 2364313?
3
What is the ten thousands digit of 1034451?
3
What is the hundred thousands digit of 309482?
3
What is the hundred thousands digit of 15984308?
9
What is the thousands digit of 159635?
9
What is the thousands digit of 790538?
0
What is the hundreds digit of 27651396?
3
What is the units digit of 1829926?
6
What is the tens digit of 3928943?
4
What is the thousands digit of 288328?
8
What is the units digit of 115018?
8
What is the thousands digit of 725567?
5
What is the thousands digit of 9718?
9
What is the tens digit of 5981412?
1
What is the tens digit of 4709?
0
What is the tens digit of 18357358?
5
What is the units digit of 14001703?
3
What is the units digit of 226867?
7
What is the hundred thousands digit of 3328267?
3
What is the tens digit of 4732268?
6
What is the hundreds digit of 2084286?
2
What is the tens digit of 733836?
3
What is the hundreds digit of 9672571?
5
What is the millions digit of 2013470?
2
What is the hundreds digit of 424441?
4
What is the hundred thousands digit of 3688517?
6
What is the millions digit of 2980813?
2
What is the thousands digit of 6949488?
9
What is the units digit of 3628077?
7
What is the tens digit of 552?
5
What is the thousands digit of 154100?
4
What is the units digit of 3656752?
2
What is the ten thousands digit of 824623?
2
What is the hundred thousands digit of 13452996?
4
What is the tens digit of 108987?
8
What is the ten thousands digit of 118546?
1
What is the thousands digit of 9977761?
7
What is the units digit of 164608?
8
What is the hundred thousands digit of 2647058?
6
What is the units digit of 39977?
7
What is the thousands digit of 13339337?
9
What is the millions digit of 1458219?
1
What is the units digit of 6236488?
8
What is the thousands digit of 1512219?
2
What is the thousands digit of 9732948?
2
What is the hundreds digit of 778397?
3
What is the hundreds digit of 28960391?
3
What is the hundreds digit of 122437?
4
What is the hundreds digit of 59793?
7
What is the ten thousands digit of 7002072?
0
What is the hundreds digit of 8754418?
4
What is the hundred thousands digit of 22236816?
2
What is the tens digit of 554549?
4
What is the hundreds digit of 567982?
9
What is the thousands digit of 489638?
9
What is the thousands digit of 2640277?
0
What is the units digit of 2107968?
8
What is the tens digit of 1269402?
0
What is the thousands digit of 1862813?
2
What is the hundreds digit of 402847?
8
What is the thousands digit of 767207?
7
What is the hundred thousands digit of 280462?
2
What is the thousands digit of 11386520?
6
What is the thousands digit of 7172187?
2
What is the hundreds digit of 254511?
5
What is the millions digit of 1332239?
1
What is the hundreds digit of 2435692?
6
What is the tens digit of 8747465?
6
What is the hundreds digit of 1062605?
6
What is the thousands digit of 709484?
9
What is the thousands digit of 539980?
9
What is the thousands digit of 245960?
5
What is the ten thousands digit of 9981725?
8
What is the hundreds digit of 143454?
4
What is the hundred thousands digit of 2156907?
1
What is the hundreds digit of 1281984?
9
What is the units digit of 157275?
5
What is the tens digit of 224158?
5
What is the ten thousands digit of 358088?
5
What is the hundreds digit of 34082?
0
What is the hundreds digit of 469626?
6
What is the tens digit of 996110?
1
What is the millions digit of 2495303?
2
What is the ten thousands digit of 940112?
4
What is the millions digit of 1331787?
1
What is the thousands digit of 932569?
2
What is the hundred thousands digit of 2872811?
8
What is the thousands digit of 7990348?
0
What is the hundred thousands digit of 2560357?
5
What is the tens digit of 2901179?
7
What is the hundred thousands digit of 6205375?
2
What is the thousands digit of 5273288?
3
What is the millions digit of 1559094?
1
What is the tens digit of 1892032?
3
What is the tens digit of 72966?
6
What is the units digit of 284103?
3
What is the hundred thousands digit of 1169407?
1
What is the thousands digit of 413856?
3
What is the units digit of 1559564?
4
What is the thousands digit of 1490894?
0
What is the hundreds digit of 9244754?
7
What is the ten thousands digit of 1707545?
0
What is the hundreds digit of 6641449?
4
What is the hundred thousands digit of 228046?
2
What is the hundred thousands digit of 392044?
3
What is the hundred thousands digit of 8461086?
4
What is the hundreds digit of 3302464?
4
What is the units digit of 139476?
6
What is the tens digit of 512915?
1
What is the tens digit of 733499?
9
What is the tens digit of 834428?
2
What is the hundred thousands digit of 406555?
4
What is the tens digit of 2675792?
9
What is the hundred thousands digit of 5422038?
4
What is the units digit of 1665543?
3
What is the hundreds digit of 309947?
9
What is the hundreds digit of 190925?
9
What is the ten thousands digit of 44917?
4
What is the millions digit of 6344721?
6
What is the thousands digit of 310744?
0
What is the hundred thousands digit of 760977?
7
What is the millions digit of 35303013?
5
What is the tens digit of 15449655?
5
What is the units digit of 453201?
1
What is the ten thousands digit of 307355?
0
What is the hundreds digit of 118396?
3
What is the ten thousands digit of 1912683?
1
What is the ten thousands digit of 9459500?
5
What is the hundreds digit of 29263076?
0
What is the units digit of 2481909?
9
What is the hundred thousands digit of 5487776?
4
What is the tens digit of 15625728?
2
What is the ten thousands digit of 28133?
2
What is the units digit of 189896?
6
What is the hundreds digit of 302026?
0
What is the millions digit of 4823450?
4
What is the hundreds digit of 549952?
9
What is the thousands digit of 368669?
8
What is the thousands digit of 434202?
4
What is the millions digit of 1602875?
1
What is the tens digit of 88973?
7
What is the tens digit of 29313?
1
What is the thousands digit of 507772?
7
What is the tens digit of 8622?
2
What is the units digit of 476861?
1
What is the hundreds digit of 4006483?
4
What is the hundreds digit of 4539299?
2
What is the hundreds digit of 24128679?
6
What is the tens digit of 1350304?
0
What is the thousands dig